 = -24 - x. Suppose 0 = -2*m - r + 31, m - 5*m - 3*r + 67 = 0. Calculate the remainder when j is divided by m.
12
Let a(u) = 1 - u**3 - 4*u - 3*u + 2*u**2 + 6*u**2. Let b be a(7). What is the remainder when (3/6 - b)*-30 is divided by 8?
7
Let u = 104 + -91. Let t(a) = -3*a**3 - 2*a**2 - 2*a + 3 + 2*a**3 + 3*a**3. What is the remainder when u is divided by t(2)?
6
Let f be (-1 - 0)/((-1)/3). Suppose -102 = -5*g + f*g. Calculate the remainder when g is divided by 27.
24
Let u be (15/(-10))/((-6)/8). What is the remainder when 28 is divided by (u - 1)*(-45)/(-3)?
13
Let u = -13 + 18. Let t(q) = 15*q**2 - 1. What is the remainder when t(1) is divided by u?
4
Let q(c) = c + 18. Suppose 2*x - 30 = -j - j, 2*x + 72 = 4*j. What is the remainder when j is divided by q(-8)?
7
Let q = -6 + 3. Let x be q/((0 - 3) + 2). Suppose 2*w + 70 = 2*o, o + 0*o + x*w - 19 = 0. Calculate the remainder when o is divided by 11.
9
Let w = 15 - 17. Calculate the remainder when -159*1*w/6 is divided by 14.
11
Suppose -r + 3 = -7. What is the remainder when 38 is divided by r?
8
Let h = -16 - -37. Calculate the remainder when h is divided by 13.
8
Let z(i) = -i**2 - 7*i - 2. Let c = -8 + 4. Calculate the remainder when 18 is divided by z(c).
8
Suppose -5*v - 5*a + 705 = -0*a, 3*v - 437 = 4*a. Calculate the remainder when v is divided by 24.
23
Suppose -55 = 2*h - 7*h. Calculate the remainder when 21 is divided by h.
10
Let n = 5 - 3. Suppose 0 = n*h + 5*p - 24, -h + 10 = 2*p - 0*p. Let v = -3 + 8. Calculate the remainder when v is divided by h.
1
Suppose 0*f + 32 = 2*f + 4*r, 4*f - 14 = 2*r. Calculate the remainder when 22 is divided by f.
4
Suppose 33 = 5*p - 17. Let z = 80 - p. What is the remainder when z is divided by 24?
22
Let n(x) = -x**3 - x**2 + 152. Let q be n(0). Let m = -15 + 21. Suppose 2*j - m*j + q = 0. What is the remainder when j is divided by 13?
12
Suppose -p = b + 216, -2*b - 638 = 3*p - 4*b. Let l = -148 - p. Calculate the remainder when l is divided by 17.
15
Let x(n) = n**3 - n + 6. Let g be x(0). Let s be g/9 + (-334)/(-3). What is the remainder when (6/4)/(12/s) is divided by 8?
6
Suppose 0*l - 3*l = -p - 314, -4*l = -4*p - 432. Calculate the remainder when l is divided by 28.
19
Let j = 148 - 4. Suppose 4*m - j = -4*u, -5*m = -3*m + u - 70. Let y(z) = -5*z + 2. Calculate the remainder when m is divided by y(-2).
10
Let q(h) = 2*h + 6. Let s be q(-4). Calculate the remainder when (20/15)/(s/(-6)) is divided by 2.
0
Let g = -8 - -14. Let k be (-104)/(0 - g/9). Suppose 2*p - k = -2*p. Calculate the remainder when p is divided by 14.
11
Let k = -558 - -123. Let g = -92 + 129. What is the remainder when g is divided by (-4)/22 + k/(-33)?
11
Let a = -20 + 34. Let o = 18 - a. What is the remainder when 13 is divided by o?
1
Let g be (-2 + 0)/(4/(-4)). Let c be (0 - -1) + -4 + 1. Calculate the remainder when 86*(g - (-3)/c) is divided by 15.
13
What is the remainder when 12 - 1 - (-1 - 0) is divided by (0 - 2/4)*-14?
5
Suppose 3*j = 4*j + 1. What is the remainder when (-36)/(-2) - (j + 0) is divided by 10?
9
Suppose 5*k - 9 = m, -2 = -3*k + 4. Suppose 0 = c - 3*c + 2. What is the remainder when m is divided by c?
0
Suppose 3 = u - 2. Suppose 132 = u*j - 2*j. Suppose 0 = k - 2, 41 = 5*x - 4*k - 26. Calculate the remainder when j is divided by x.
14
Let x(n) = n + 6. Let c be x(0). Suppose 4*p - 9 - 35 = 0. Let d = p - c. What is the remainder when d is divided by 2?
1
Let y = 397 + -205. What is the remainder when y is divided by 39?
36
Let i be (3/3 - 3) + -95. Let r = -48 - i. Let y(c) = -c**2 + 13*c + 5. What is the remainder when r is divided by y(12)?
15
Let q(s) = -2*s**3 - s**2 - s + 10. Let z(n) = -3*n. What is the remainder when q(0) is divided by z(-2)?
4
Let i(w) = 17*w + 9. Let n be (2 - 1) + (-48)/4. Let k(h) = -8*h - 5. Let t(v) = n*k(v) - 6*i(v). Calculate the remainder when 42 is divided by t(-1).
12
Let g(r) = -11*r**3 + r**2 + r. Let m be g(-1). Let h = -5 + m. Calculate the remainder when 11 is divided by h.
5
Suppose 49 = 3*a + 4. What is the remainder when a - (-4)/(2 + -4) is divided by 5?
3
Suppose b = -2 + 4. Suppose 3*h = -b*h + 200. Let s = 24 - 10. Calculate the remainder when h is divided by s.
12
Let f(m) be the second derivative of m**5/20 + m**4/3 - m**3/3 - m**2/2 + 2*m. Calculate the remainder when 4/(-14) + 994/49 is divided by f(-4).
6
Let j(u) be the first derivative of -u**3/3 + 7*u**2 + 2*u + 2. Let y be j(10). Calculate the remainder when y/3 - (1 - 3) is divided by 6.
4
Suppose 15*g = 16*g - 43. What is the remainder when g is divided by 26?
17
Let r(x) = 3*x**2 - 9*x + 6. Let o(g) = 8*g**2 - 2*g + 3. Calculate the remainder when o(3) is divided by r(4).
15
Calculate the remainder when -1 - (-67 - (2 - 3)) is divided by 17.
14
Let m(w) = -4*w - 15. Suppose 18 = -b + 2*b. Calculate the remainder when b is divided by m(-5).
3
Suppose -2*v = 3 + 3, 0 = s - v + 2. Let o(r) = -r**3 - 3*r**2 + 2*r - 7. Let b = -1297 + 1314. Calculate the remainder when o(s) is divided by b.
16
Let g(a) = 4*a - 6. Let b = 307 + -301. What is the remainder when g(5) is divided by b?
2
Let b(y) = y**3 + 12*y**2 - 14*y + 6. Calculate the remainder when 31 is divided by b(-13).
12
Let o be (-1)/((1 - -1)/(-2)). Suppose 4*c = 3*c - o. Let m = 5 + c. Calculate the remainder when m is divided by 3.
1
Suppose -3*c + 8 = -10. Suppose -j - c = -1. Calculate the remainder when 10*(j/(-2) + -2) is divided by 2.
1
Suppose -4*t + 55 = -5*v, -41 = -3*t + 5*v - 6. Suppose -2*b - 50 = -7*b. What is the remainder when t is divided by (4/(-6))/(b/(-165))?
9
Let t(g) = -g + g**2 + 2*g - 1 + 1. Let w be t(-2). Calculate the remainder when 100/w + (0 - 1) is divided by 17.
15
Suppose -r + 5 = -0*r. Suppose 5*v + h - 170 = 0, r*v - 126 = -5*h + 24. What is the remainder when v is divided by 18?
17
Let w = 120 + -105. Suppose 2*z - 5*u - 59 = 0, 5*z + 6*u = 2*u + 230. What is the remainder when z is divided by w?
12
What is the remainder when (-4)/(-14) + 3936/42 is divided by 32?
30
Let c(f) = f**3 - 13*f**2 - 12*f + 8. Calculate the remainder when c(14) is divided by 13.
10
Suppose 9 = 3*h - 2*h. Let r = -129 + 132. Calculate the remainder when h is divided by r.
0
Suppose 2*i = i. Let c = 6 - 3. Suppose 4*a = c*l + 23, 4*a - l - 8 - 5 = i. What is the remainder when a is divided by 2?
0
Let v(t) = 2*t**2 - 18*t + 16. What is the remainder when v(12) is divided by 15?
13
Suppose 3*d - 14 = 2*d. Calculate the remainder when 97 is divided by d.
13
What is the remainder when (-2)/5 - 224/(-10) is divided by 3/9 - 34/(-6)?
4
Let t(r) = r**2 + 2. Suppose -5*n + 0 = -10. What is the remainder when n is divided by t(0)?
0
Suppose 5*m - 6 = -2*p + m, -p + 2 = 3*m. Let a be (6*1)/3 + 3. Suppose a*z - 56 = -16. Calculate the remainder when z is divided by p.
3
Suppose -5*h + 10*h = -230. Let y = -15 - h. Calculate the remainder when y is divided by 1/2 - 84/(-8).
9
Suppose 22 - 7 = -3*x. Let c = x + 11. Suppose c = y + y. Calculate the remainder when 9 is divided by y.
0
Suppose 2*i + 3*h - 163 = 0, 5*i + 5*h - 51 = 364. Calculate the remainder when i is divided by 31.
24
Let h(a) = -2 - 24*a - 4*a - 26*a + 17*a. Let i be h(-2). Suppose 5*u - 23 = i. Calculate the remainder when 36 is divided by u.
17
Suppose 3*k - 4*k = 2. What is the remainder when 10 is divided by k + 4 - (-1 - 1)?
2
Suppose -d - 2 + 1 = 0. What is the remainder when 12 - (d - 2/(-2)) is divided by 183/27 - (-2)/9?
5
Let z = -59 + 83. Let v(p) = p**2 - 5*p - 11. What is the remainder when v(-8) is divided by z?
21
Let z = -20 + 14. Let v(y) = -y**2 - 2*y + 2. Let a be v(z). Calculate the remainder when 56 is divided by (-422)/a - 4/22.
18
Let s be 1/(3/684*3). Let v = s - 44. What is the remainder when v is divided by 17?
15
What is the remainder when 89 is divided by 142/6 + (-2)/3?
20
Suppose 9*p - 5*p = -56. Let c = p + 31. What is the remainder when 31 is divided by c?
14
Let d = 131 - 120. Calculate the remainder when 54 is divided by d.
10
Calculate the remainder when (-188)/(-7) + -3*(-1)/21 is divided by 7.
6
Let u(g) = 9*g - 3. What is the remainder when u(8) is divided by 18?
15
Suppose 3*o = 4*j - j - 36, 76 = 4*j + 3*o. Suppose -2*y - 122 = -4*y. Calculate the remainder when y is divi